[INFO] cloning repository https://github.com/museun/keypress
[INFO] running `Command { std: "git" "-c" "credential.helper=" "-c" "credential.helper=/workspace/cargo-home/bin/git-credential-null" "clone" "--bare" "https://github.com/museun/keypress" "/workspace/cache/git-repos/https%3A%2F%2Fgithub.com%2Fmuseun%2Fkeypress", kill_on_drop: false }`
[INFO] [stderr] Cloning into bare repository '/workspace/cache/git-repos/https%3A%2F%2Fgithub.com%2Fmuseun%2Fkeypress'...
[INFO] running `Command { std: "git" "rev-parse" "HEAD", kill_on_drop: false }`
[INFO] [stdout] cb9f2b06f2945c0785a3e557c0deed5a74dffda2
[INFO] checking museun/keypress against try#72f88fc4e9458f89516a0b8b0868f3718aec5b47 for pr-74989
[INFO] running `Command { std: "git" "clone" "/workspace/cache/git-repos/https%3A%2F%2Fgithub.com%2Fmuseun%2Fkeypress" "/workspace/builds/worker-10/source", kill_on_drop: false }`
[INFO] [stderr] Cloning into '/workspace/builds/worker-10/source'...
[INFO] [stderr] done.
[INFO] validating manifest of git repo https://github.com/museun/keypress on toolchain 72f88fc4e9458f89516a0b8b0868f3718aec5b47
[INFO] running `Command { std: "/workspace/cargo-home/bin/cargo" "+72f88fc4e9458f89516a0b8b0868f3718aec5b47" "read-manifest" "--manifest-path" "Cargo.toml", kill_on_drop: false }`
[INFO] started tweaking git repo https://github.com/museun/keypress
[INFO] finished tweaking git repo https://github.com/museun/keypress
[INFO] tweaked toml for git repo https://github.com/museun/keypress written to /workspace/builds/worker-10/source/Cargo.toml
[INFO] crate git repo https://github.com/museun/keypress already has a lockfile, it will not be regenerated
[INFO] running `Command { std: "/workspace/cargo-home/bin/cargo" "+72f88fc4e9458f89516a0b8b0868f3718aec5b47" "fetch" "--locked" "--manifest-path" "Cargo.toml", kill_on_drop: false }`
[INFO] [stderr]     Blocking waiting for file lock on package cache
[INFO] [stderr]  Downloading crates ...
[INFO] [stderr]   Downloaded sha-1 v0.7.0
[INFO] [stderr]   Downloaded typenum v1.10.0
[INFO] [stderr]   Downloaded security-framework v0.2.1
[INFO] [stderr]   Downloaded serde_json v1.0.24
[INFO] [stderr]   Downloaded native-tls v0.2.1
[INFO] [stderr]   Downloaded arrayref v0.3.4
[INFO] [stderr]   Downloaded block-buffer v0.3.3
[INFO] [stderr]   Downloaded quote v0.6.5
[INFO] [stderr]   Downloaded parking_lot v0.6.3
[INFO] [stderr]   Downloaded proc-macro2 v0.4.9
[INFO] [stderr]   Downloaded crossbeam-channel v0.2.4
[INFO] [stderr]   Downloaded smallvec v0.6.4
[INFO] [stderr]   Downloaded openssl v0.10.11
[INFO] [stderr]   Downloaded tungstenite v0.6.0
[INFO] [stderr]   Downloaded syn v0.14.7
[INFO] [stderr]   Downloaded input_buffer v0.2.0
[INFO] [stderr]   Downloaded byte-tools v0.2.0
[INFO] [stderr]   Downloaded generic-array v0.9.0
[INFO] [stderr]   Downloaded vcpkg v0.2.4
[INFO] [stderr]   Downloaded security-framework-sys v0.2.1
[INFO] [stderr]   Downloaded digest v0.7.5
[INFO] [stderr]   Downloaded utf-8 v0.7.4
[INFO] [stderr]   Downloaded serde_derive v1.0.71
[INFO] running `Command { std: "docker" "create" "-v" "/var/lib/crater-agent-workspace/builds/worker-10/target:/opt/rustwide/target:rw,Z" "-v" "/var/lib/crater-agent-workspace/builds/worker-10/source:/opt/rustwide/workdir:ro,Z" "-v" "/var/lib/crater-agent-workspace/cargo-home:/opt/rustwide/cargo-home:ro,Z" "-v" "/var/lib/crater-agent-workspace/rustup-home:/opt/rustwide/rustup-home:ro,Z" "-e" "SOURCE_DIR=/opt/rustwide/workdir" "-e" "CARGO_TARGET_DIR=/opt/rustwide/target" "-e" "CARGO_HOME=/opt/rustwide/cargo-home" "-e" "RUSTUP_HOME=/opt/rustwide/rustup-home" "-w" "/opt/rustwide/workdir" "-m" "1610612736" "--user" "0:0" "--network" "none" "rustops/crates-build-env@sha256:d92eaeed33fa75130ca1ee6c8a01d1ffb62bac859dfdfb3450e3e5d1c0146529" "/opt/rustwide/cargo-home/bin/cargo" "+72f88fc4e9458f89516a0b8b0868f3718aec5b47" "metadata" "--no-deps" "--format-version=1", kill_on_drop: false }`
[INFO] [stdout] a6b73b7110aa6c72bbcd2118f8e366fb1629f0890c8619fb3cffd225326b9510
[INFO] [stderr] WARNING: Your kernel does not support swap limit capabilities or the cgroup is not mounted. Memory limited without swap.
[INFO] running `Command { std: "docker" "start" "-a" "a6b73b7110aa6c72bbcd2118f8e366fb1629f0890c8619fb3cffd225326b9510", kill_on_drop: false }`
[INFO] running `Command { std: "docker" "inspect" "a6b73b7110aa6c72bbcd2118f8e366fb1629f0890c8619fb3cffd225326b9510", kill_on_drop: false }`
[INFO] running `Command { std: "docker" "rm" "-f" "a6b73b7110aa6c72bbcd2118f8e366fb1629f0890c8619fb3cffd225326b9510", kill_on_drop: false }`
[INFO] [stdout] a6b73b7110aa6c72bbcd2118f8e366fb1629f0890c8619fb3cffd225326b9510
[INFO] running `Command { std: "docker" "create" "-v" "/var/lib/crater-agent-workspace/builds/worker-10/target:/opt/rustwide/target:rw,Z" "-v" "/var/lib/crater-agent-workspace/builds/worker-10/source:/opt/rustwide/workdir:ro,Z" "-v" "/var/lib/crater-agent-workspace/cargo-home:/opt/rustwide/cargo-home:ro,Z" "-v" "/var/lib/crater-agent-workspace/rustup-home:/opt/rustwide/rustup-home:ro,Z" "-e" "SOURCE_DIR=/opt/rustwide/workdir" "-e" "CARGO_TARGET_DIR=/opt/rustwide/target" "-e" "CARGO_INCREMENTAL=0" "-e" "RUST_BACKTRACE=full" "-e" "RUSTFLAGS=--cap-lints=forbid" "-e" "CARGO_HOME=/opt/rustwide/cargo-home" "-e" "RUSTUP_HOME=/opt/rustwide/rustup-home" "-w" "/opt/rustwide/workdir" "-m" "1610612736" "--user" "0:0" "--network" "none" "rustops/crates-build-env@sha256:d92eaeed33fa75130ca1ee6c8a01d1ffb62bac859dfdfb3450e3e5d1c0146529" "/opt/rustwide/cargo-home/bin/cargo" "+72f88fc4e9458f89516a0b8b0868f3718aec5b47" "check" "--frozen" "--all" "--all-targets" "--message-format=json", kill_on_drop: false }`
[INFO] [stdout] 077cb37a4ac8b1b15297566a5820acaeb13b900e4411b7e0b38a7f3c83925cd9
[INFO] [stderr] WARNING: Your kernel does not support swap limit capabilities or the cgroup is not mounted. Memory limited without swap.
[INFO] running `Command { std: "docker" "start" "-a" "077cb37a4ac8b1b15297566a5820acaeb13b900e4411b7e0b38a7f3c83925cd9", kill_on_drop: false }`
[INFO] [stderr]     Checking libc v0.2.43
[INFO] [stderr]    Compiling version_check v0.1.4
[INFO] [stderr]    Compiling cc v1.0.18
[INFO] [stderr]     Checking void v1.0.2
[INFO] [stderr]    Compiling pkg-config v0.3.13
[INFO] [stderr]     Checking cfg-if v0.1.4
[INFO] [stderr]     Checking matches v0.1.7
[INFO] [stderr]     Checking foreign-types-shared v0.1.1
[INFO] [stderr]     Checking scopeguard v0.3.3
[INFO] [stderr]    Compiling openssl v0.10.11
[INFO] [stderr]    Compiling unicode-xid v0.1.0
[INFO] [stderr]     Checking byteorder v1.2.4
[INFO] [stderr]    Compiling httparse v1.3.2
[INFO] [stderr]     Checking unicode-normalization v0.1.7
[INFO] [stderr]     Checking nodrop v0.1.12
[INFO] [stderr]     Checking bitflags v1.0.3
[INFO] [stderr]     Checking ucd-util v0.1.1
[INFO] [stderr]    Compiling regex v1.0.2
[INFO] [stderr]    Compiling native-tls v0.2.1
[INFO] [stderr]     Checking rand_core v0.2.1
[INFO] [stderr]     Checking utf8-ranges v1.0.0
[INFO] [stderr]     Checking percent-encoding v1.0.1
[INFO] [stderr]     Checking safemem v0.2.0
[INFO] [stderr]     Checking quick-error v1.2.2
[INFO] [stderr]     Checking crossbeam-utils v0.5.0
[INFO] [stderr]     Checking memoffset v0.2.1
[INFO] [stderr]    Compiling winapi v0.3.5
[INFO] [stderr]     Checking dtoa v0.4.3
[INFO] [stderr]     Checking termcolor v1.0.1
[INFO] [stderr]     Checking itoa v0.4.2
[INFO] [stderr]     Checking owning_ref v0.3.3
[INFO] [stderr]     Checking foreign-types v0.3.2
[INFO] [stderr]     Checking block-buffer v0.3.3
[INFO] [stderr]     Checking log v0.4.3
[INFO] [stderr]     Checking unicode-bidi v0.3.4
[INFO] [stderr]     Checking unreachable v1.0.0
[INFO] [stderr]    Compiling proc-macro2 v0.4.9
[INFO] [stderr]     Checking arrayvec v0.4.7
[INFO] [stderr]     Checking regex-syntax v0.6.2
[INFO] [stderr]     Checking base64 v0.9.2
[INFO] [stderr]     Checking humantime v1.1.1
[INFO] [stderr]     Checking smallvec v0.6.4
[INFO] [stderr]     Checking lock_api v0.1.3
[INFO] [stderr]    Compiling lazy_static v1.1.0
[INFO] [stderr]     Checking generic-array v0.9.0
[INFO] [stderr]     Checking serde_json v1.0.24
[INFO] [stderr]     Checking toml v0.4.6
[INFO] [stderr]     Checking iovec v0.1.2
[INFO] [stderr]     Checking rand v0.4.2
[INFO] [stderr]     Checking memchr v2.0.1
[INFO] [stderr]     Checking rand v0.5.5
[INFO] [stderr]     Checking atty v0.2.11
[INFO] [stderr]    Compiling quote v0.6.5
[INFO] [stderr]     Checking digest v0.7.5
[INFO] [stderr]     Checking aho-corasick v0.6.6
[INFO] [stderr]     Checking bytes v0.4.9
[INFO] [stderr]     Checking sha-1 v0.7.0
[INFO] [stderr]    Compiling syn v0.14.7
[INFO] [stderr]     Checking thread_local v0.3.5
[INFO] [stderr]     Checking crossbeam-epoch v0.5.2
[INFO] [stderr]     Checking input_buffer v0.2.0
[INFO] [stderr]    Compiling openssl-sys v0.9.35
[INFO] [stderr]     Checking parking_lot_core v0.2.14
[INFO] [stderr]     Checking idna v0.1.5
[INFO] [stderr]     Checking parking_lot v0.6.3
[INFO] [stderr]     Checking crossbeam-channel v0.2.4
[INFO] [stderr]     Checking url v1.7.1
[INFO] [stderr]     Checking env_logger v0.5.12
[INFO] [stderr]    Compiling serde_derive v1.0.71
[INFO] [stderr]     Checking tungstenite v0.6.0
[INFO] [stderr]     Checking keypress v0.1.0 (/opt/rustwide/workdir)
[INFO] [stdout] error[E0432]: unresolved import `winapi::shared`
[INFO] [stdout]  --> src/hook.rs:4:13
[INFO] [stdout]   |
[INFO] [stdout] 4 | use winapi::shared::{minwindef, ntdef, windef};
[INFO] [stdout]   |             ^^^^^^ could not find `shared` in `winapi`
[INFO] [stdout] 
[INFO] [stdout] 
[INFO] [stdout] error[E0433]: failed to resolve: could not find `windows` in `os`
[INFO] [stdout]    --> src/hook.rs:163:18
[INFO] [stdout]     |
[INFO] [stdout] 163 |     use std::os::windows::ffi::OsStringExt;
[INFO] [stdout]     |                  ^^^^^^^ could not find `windows` in `os`
[INFO] [stdout] 
[INFO] [stdout] 
[INFO] [stdout] error[E0432]: unresolved import `winapi::um`
[INFO] [stdout]  --> src/hook.rs:5:13
[INFO] [stdout]   |
[INFO] [stdout] 5 | use winapi::um::{errhandlingapi, processthreadsapi, winbase, winuser};
[INFO] [stdout]   |             ^^ could not find `um` in `winapi`
[INFO] [stdout] 
[INFO] [stdout] 
[INFO] [stdout] error[E0432]: unresolved import `winapi::um`
[INFO] [stdout]  --> src/input.rs:1:13
[INFO] [stdout]   |
[INFO] [stdout] 1 | use winapi::um::winuser;
[INFO] [stdout]   |             ^^ could not find `um` in `winapi`
[INFO] [stdout] 
[INFO] [stdout] 
[INFO] [stdout] warning: trait objects without an explicit `dyn` are deprecated
[INFO] [stdout]   --> src/hook.rs:23:13
[INFO] [stdout]    |
[INFO] [stdout] 23 |     cb: Box<FnMut(Event)>,
[INFO] [stdout]    |             ^^^^^^^^^^^^ help: use `dyn`: `dyn FnMut(Event)`
[INFO] [stdout]    |
[INFO] [stdout]    = note: `#[warn(bare_trait_objects)]` on by default
[INFO] [stdout] 
[INFO] [stdout] 
[INFO] [stdout] warning: use of deprecated function `std::mem::uninitialized`: use `mem::MaybeUninit` instead
[INFO] [stdout]   --> src/hook.rs:56:32
[INFO] [stdout]    |
[INFO] [stdout] 56 |         let mut msg = unsafe { mem::uninitialized() };
[INFO] [stdout]    |                                ^^^^^^^^^^^^^^^^^^
[INFO] [stdout]    |
[INFO] [stdout]    = note: `#[warn(deprecated)]` on by default
[INFO] [stdout] 
[INFO] [stdout] 
[INFO] [stdout] error[E0432]: unresolved import `winapi::shared`
[INFO] [stdout]  --> src/hook.rs:4:13
[INFO] [stdout]   |
[INFO] [stdout] 4 | use winapi::shared::{minwindef, ntdef, windef};
[INFO] [stdout]   |             ^^^^^^ could not find `shared` in `winapi`
[INFO] [stdout] 
[INFO] [stdout] 
[INFO] [stdout] error[E0433]: failed to resolve: could not find `windows` in `os`
[INFO] [stdout]    --> src/hook.rs:163:18
[INFO] [stdout]     |
[INFO] [stdout] 163 |     use std::os::windows::ffi::OsStringExt;
[INFO] [stdout]     |                  ^^^^^^^ could not find `windows` in `os`
[INFO] [stdout] 
[INFO] [stdout] 
[INFO] [stdout] error[E0432]: unresolved import `winapi::um`
[INFO] [stdout]  --> src/hook.rs:5:13
[INFO] [stdout]   |
[INFO] [stdout] 5 | use winapi::um::{errhandlingapi, processthreadsapi, winbase, winuser};
[INFO] [stdout]   |             ^^ could not find `um` in `winapi`
[INFO] [stdout] 
[INFO] [stdout] 
[INFO] [stdout] error[E0432]: unresolved import `winapi::um`
[INFO] [stdout]  --> src/input.rs:1:13
[INFO] [stdout]   |
[INFO] [stdout] 1 | use winapi::um::winuser;
[INFO] [stdout]   |             ^^ could not find `um` in `winapi`
[INFO] [stdout] 
[INFO] [stdout] 
[INFO] [stdout] warning: trait objects without an explicit `dyn` are deprecated
[INFO] [stdout]   --> src/hook.rs:23:13
[INFO] [stdout]    |
[INFO] [stdout] 23 |     cb: Box<FnMut(Event)>,
[INFO] [stdout]    |             ^^^^^^^^^^^^ help: use `dyn`: `dyn FnMut(Event)`
[INFO] [stdout]    |
[INFO] [stdout]    = note: `#[warn(bare_trait_objects)]` on by default
[INFO] [stdout] 
[INFO] [stdout] 
[INFO] [stdout] warning: use of deprecated function `std::mem::uninitialized`: use `mem::MaybeUninit` instead
[INFO] [stdout]   --> src/hook.rs:56:32
[INFO] [stdout]    |
[INFO] [stdout] 56 |         let mut msg = unsafe { mem::uninitialized() };
[INFO] [stdout]    |                                ^^^^^^^^^^^^^^^^^^
[INFO] [stdout]    |
[INFO] [stdout]    = note: `#[warn(deprecated)]` on by default
[INFO] [stdout] 
[INFO] [stdout] 
[INFO] [stdout] error[E0599]: no function or associated item named `from_wide` found for struct `OsString` in the current scope
[INFO] [stdout]    --> src/hook.rs:170:15
[INFO] [stdout]     |
[INFO] [stdout] 170 |     OsString::from_wide(&buf).to_string_lossy().to_string()
[INFO] [stdout]     |               ^^^^^^^^^ function or associated item not found in `OsString`
[INFO] [stdout] 
[INFO] [stdout] 
[INFO] [stdout] error[E0599]: no function or associated item named `from_wide` found for struct `OsString` in the current scope
[INFO] [stdout]    --> src/hook.rs:170:15
[INFO] [stdout]     |
[INFO] [stdout] 170 |     OsString::from_wide(&buf).to_string_lossy().to_string()
[INFO] [stdout]     |               ^^^^^^^^^ function or associated item not found in `OsString`
[INFO] [stdout] 
[INFO] [stdout] 
[INFO] [stdout] error: aborting due to 5 previous errors; 2 warnings emitted
[INFO] [stdout] 
[INFO] [stdout] 
[INFO] [stdout] Some errors have detailed explanations: E0432, E0433, E0599.
[INFO] [stdout] 
[INFO] [stdout] For more information about an error, try `rustc --explain E0432`.
[INFO] [stdout] 
[INFO] [stderr] error: could not compile `keypress`.
[INFO] [stderr] 
[INFO] [stderr] To learn more, run the command again with --verbose.
[INFO] [stderr] warning: build failed, waiting for other jobs to finish...
[INFO] [stdout] error: aborting due to 5 previous errors; 2 warnings emitted
[INFO] [stdout] 
[INFO] [stdout] 
[INFO] [stdout] Some errors have detailed explanations: E0432, E0433, E0599.
[INFO] [stdout] 
[INFO] [stdout] For more information about an error, try `rustc --explain E0432`.
[INFO] [stdout] 
[INFO] [stderr] error: build failed
[INFO] running `Command { std: "docker" "inspect" "077cb37a4ac8b1b15297566a5820acaeb13b900e4411b7e0b38a7f3c83925cd9", kill_on_drop: false }`
[INFO] running `Command { std: "docker" "rm" "-f" "077cb37a4ac8b1b15297566a5820acaeb13b900e4411b7e0b38a7f3c83925cd9", kill_on_drop: false }`
[INFO] [stdout] 077cb37a4ac8b1b15297566a5820acaeb13b900e4411b7e0b38a7f3c83925cd9
